 q + 32. Let k be a(c). Let j(m) = -10*m**2 - 3*m. What is j(k)?
-34
Let z(n) = -n**3 + 10*n**2 - 2*n + 15. Suppose 4897 = 30*c - 4193. Suppose 23*f - c = -73. Calculate z(f).
-5
Let a(p) = 23*p**2 + 27*p + 1. Let g(n) = 10*n**2 + 13*n + 1. Let u(v) = 3*a(v) - 7*g(v). Determine u(-3).
17
Let g(x) = 4*x - 10. Let b be -4*((-39)/6 - -6). Calculate g(b).
-2
Let c(f) = -2*f**2 + 18*f - 27. Let w be c(7). Let l be (-8)/6 - (70/(-30) + w). Let z(d) = d - 1. Let y(b) = -6*b + 10. Let u(k) = y(k) + 5*z(k). What is u(l)?
5
Let z(n) = n. Suppose -7*x + 9*x - 2 = -4*f, 4*x + 6 = 2*f. Let q(v) = 56*v + 55. Let l be q(x). What is z(l)?
-1
Let o(g) be the first derivative of g**3/3 - 33*g**2/2 - 28*g + 188. Calculate o(34).
6
Suppose 4*t - 2 = -5*f + 5, 5*t = -2*f - 21. Let x(p) = -20*p - 135. Determine x(t).
5
Suppose 0 = 2*n + q - 8, 2*q + 13 = 4*n + 5. Let a(z) be the third derivative of z**5/30 - z**4/12 + 2*z**3/3 + 3*z**2. Determine a(n).
16
Let n be ((-3)/(-3))/(-1)*3. Let b be ((-4)/n)/(8/(-36)). Let f(s) = 5 + s**3 + 3477*s**2 - 1732*s**2 - 1738*s**2 + 8*s. Determine f(b).
-7
Let y(f) = 2*f. Let i(h) = -2*h**3 - 5*h**2 + 9*h - 6. Let j be i(3). Let o = -85 - j. Determine y(o).
-14
Let r(y) = -38 - 40 - y**2 + 82 - 5*y. Suppose 10 = -5*f + 3*f. Let b be 5/((-140)/(-24))*(-2 + f). What is r(b)?
-2
Let u(z) be the second derivative of -7*z**3/6 - 97*z**2/2 - 3277*z. Calculate u(-16).
15
Let b(o) = -3*o**3 - 15*o**2 + 7. Let c(t) = 4*t**3 + 23*t**2 - 11. Let s(d) = -d**2 - 7*d + 1. Let v be s(-6). Let f(g) = v*b(g) + 5*c(g). Determine f(10).
-6
Let o be (6/(-2) - 2) + (-1 - 6/2). Let z(l) = -2*l - 15. What is z(o)?
3
Let n(s) = 8*s**2 - 7*s - 30. Let d(m) = 9*m**2 - 8*m - 28. Let c(b) = -6*d(b) + 7*n(b). Give c(0).
-42
Let f(w) = w**2 - 4*w + 1. Let s(g) = -g**2 - 10*g - 2. Let n = 89 - 93. Let a be s(n). Let j = -19 + a. Determine f(j).
-2
Suppose 5*v + 3*u - 25 = 0, -u = -2*v + 2*u - 11. Let j(y) = -6*y + 5 + 5*y**2 + 10*y - 6*y**v - 2 + 7*y. Calculate j(11).
3
Let d(l) = -l**3 + 13*l**2 + 24*l - 508. Let o be d(11). Let g(r) = 87*r + 173. Calculate g(o).
-1
Let w(z) = -z**3 + 6*z**2 + 9*z + 5. Suppose 0 = i - j + 2, 5*i + 2*j + 10 = j. Let g be (462/99)/(i/(-3)). Calculate w(g).
19
Let r(o) = o**2 + 2*o - 7. Let t = -167 - -165. Let b(w) = -5*w**2 - 9*w + 28. Let u(j) = t*b(j) - 9*r(j). Calculate u(-5).
32
Let h(f) = -3*f - 22. Let i(c) = c**2 + 7*c - 3. Let q be i(-6). Let u be h(q). Let s(j) = j - 2. Let t(w) = -w + 1. Let y(g) = 4*s(g) + 3*t(g). What is y(u)?
0
Let c(t) be the second derivative of -t**5/20 - 19*t**4/12 - 19*t**3/6 - 7*t**2/2 - 2729*t. What is c(-18)?
11
Suppose 0 = -5*q + p - 5, -q - 2*p + 17 = 7. Let w(d) = 5*d + 3. Calculate w(q).
3
Let q = -2164 + 2162. Let l(a) = 3*a**2 + 5*a + 7. What is l(q)?
9
Let f(w) be the third derivative of w**6/120 + w**4/12 - 2*w**3/3 + 15*w**2. Suppose -18*r + 8 = -2*a - 16*r, 0 = -2*a - r + 4. Calculate f(a).
-4
Let f(l) = 0*l - 2*l + 4*l. Let d = 96 + 9. Let x = 102 - d. Calculate f(x).
-6
Let n(m) be the first derivative of 2*m + 1/3*m**3 - 33 - 3/2*m**2. Give n(2).
0
Let j = -132 + 126. Let m(b) = -3*b**2 - 15*b + 23. Let i be m(j). Let p(f) = -f**3 + 3*f**2 + 8*f - 3. Give p(i).
-13
Suppose -7*d + 450 = -663. Let s = d + -161. Let v(c) = 3*c + 3. Determine v(s).
-3
Let u(k) = -21*k + 3. Let q be u(-2). Suppose 4*d + 9 = q. Let g(o) be the second derivative of o**4/12 - 11*o**3/6 + 6*o**2 + o + 111. What is g(d)?
-6
Let p be (3/(-2) + 0)*(-30 + 32). Suppose -8 = 2*w - 10. Let r(v) = -6*v + w + v + 4*v. Give r(p).
4
Let o(y) = y**2 - 7*y + 6. Let n = 2 - -12. Let l(v) = v**3 + 35*v**2 - 2*v - 65. Let k be l(-35). Suppose k*f + n = 7*f. What is o(f)?
6
Let h(f) be the second derivative of f**5/20 + 11*f**2/2 - 3*f. Suppose 9*z = -31*z + 48*z. Determine h(z).
11
Let f(j) be the first derivative of 5*j**2 - 2*j + 2747. Let x be (1 - (-3)/(-2))*-4. Give f(x).
18
Suppose 630*h = 634*h - s - 35, 5*s - 65 = -4*h. Let b(q) = -q**3 + 12*q**2 - 22*q - 10. Determine b(h).
-30
Let r(j) = -5*j**2 + 7*j + 51. Let f be r(4). Let k(y) = -11*y + 13. Calculate k(f).
24
Let u(f) = -f**2 + 9*f - 2. Let x be u(6). Let c(s) be the first derivative of s**4/4 - 16*s**3/3 - s**2/2 + 8*s - 2487. Determine c(x).
-8
Let r(f) be the third derivative of f**5/30 - f**4/6 - 6*f**3 - f**2 + 35*f. Let z be r(5). Let i(n) = -n**3 - 6*n**2 + 13. Calculate i(z).
13
Suppose -46*h = -57*h - 152 - 46. Let y(b) = 9*b + 169. Determine y(h).
7
Let h(t) = 175*t + 5946. Let u be h(-34). Let i(s) = 5*s - 5*s - 6 + 1 + 5*s. Calculate i(u).
-25
Let x = -12972 - -12952. Let z(u) = u**3 + 21*u**2 + 24*u + 73. Give z(x).
-7
Let j = -137 + 127. Let s(a) = a**2 + 6*a - 37. Let b be s(j). Let y(w) = 2*w + 10*w**2 + 197*w**b - 4*w**2 - 196*w**3 - 1. Give y(-6).
-13
Let u(t) be the second derivative of -1/6*t**3 + 1/2*t**2 - 1/12*t**4 + 0 + t. Let x be 3 - ((-70)/(-5) - 9). Determine u(x).
-1
Let q(g) be the third derivative of g**5/60 + g**4/24 - 16*g**3/3 + 17*g**2. Let u be q(5). Let r(d) = 3*d**2 - 2*d - 3. Give r(u).
13
Let q(b) = -7*b + 0*b**3 + 8 - 6*b**2 + 2*b**3 - b**3. Let o be -44 + (60 - 20) + 33*(-1)/(-3). Give q(o).
8
Let w(p) = -3*p - 131. Let z(t) = 97. Let f(j) = 5*w(j) + 6*z(j). Determine f(-5).
2
Let i(w) be the third derivative of 6*w**2 + 1 + 1/24*w**4 - 1/2*w**3 + 0*w. Determine i(7).
4
Let o be (-1)/5 - 13220/(-100). Let j(m) = -135 + 404 - 128 + m - o. Give j(-9).
0
Let i(f) be the second derivative of -f**5/20 - f**4/12 + f**3/2 + f**2/2 - 65*f - 133. Suppose -2*t + 2 = x - 2, 8 = -3*x - t. What is i(x)?
37
Let m(a) = a**2 - 5*a + 2. Let j = -306 + 307. Suppose 2*b + 2*b = 12. Suppose -j - b = -y. Calculate m(y).
-2
Let t(g) = 3*g**2 - 1. Suppose -2 = 4*p + m + 5, 2*p + 7 = 3*m. Let u be 11/3 - p/(-3). Suppose -r - 4*x + 18 = 0, -r - u*r + 24 = 4*x. Calculate t(r).
11
Let x(s) be the third derivative of -1/6*s**3 - 20 + 0*s + 1/24*s**4 - s**2. What is x(9)?
8
Let j(n) = -n**2 - 14*n - 15. Let r = 143 - -96. Let g = r - 251. Calculate j(g).
9
Suppose -71 = -c - 4*q - 12, -3 = -q. Let t = 47 - c. Let p(y) = y**3 + 2 + t*y**3 - 7*y**2 + y**3 - y**3 + 5*y. What is p(6)?
-4
Suppose -14*o - 5 = 51. Let z(l) = 18*l**2 - l + 9 - 4*l**2 + l**3 + 0 - 3*l**2 - 8*l**2. What is z(o)?
-3
Let s(k) be the third derivative of -k**5/20 - k**4/6 + k**3/6 + 212*k**2 - 5*k. Give s(3).
-38
Let r(g) = g**3 - g**2 + g + 1. Let i(m) = 12*m**3 - 5*m**2 + 5*m + 6. Let p(k) = -i(k) + 6*r(k). Suppose -8*y - 795 = -13*y. Let j = -158 + y. Calculate p(j).
-6
Suppose 3*o = 6*o - 3. Let m be (o - (-1 - 1))/(38/38). Let b(y) = y**3 - 5*y**2 + 4*y - 1. Give b(m).
-7
Let z(m) = m**3 + 52*m**2 - 58*m - 262. Let r be (9 + -22 + 66)/(-1). Give z(r).
3
Let i(j) = 2*j**2 + 5 + j + 5*j**2 - 10*j**2 - j**3 + 4*j**2. Let d be 3*1*12/2*-1. Let z = 18 + d. Calculate i(z).
5
Let p be ((-102)/85)/(4/(-10)). Suppose -118 = 2*m + 5*a - 39, -5*m = p*a + 169. Let v be 280/m + (-2)/8. Let t(u) = u**3 + 8*u**2 - 8*u + 4. What is t(v)?
-5
Let s(w) = -w**2 + 21*w - 16. Let u be s(20). Let x(m) = -4 + u + m + 5 - 2 + 5. Give x(7).
15
Let s(z) be the second derivative of 1/12*z**4 + 18*z + 0 - 7*z**2 + 1/6*z**3. Calculate s(0).
-14
Let u(l) be the second derivative of 5*l**3/6 + 3*l**2 - l. Suppose -64*j + 52*j + 37*j = -100. Give u(j).
-14
Let o(i) = -i**3 - 5*i**2 + i - 2. Let k(s) = 3*s**3 + 15*s**2 - s + 13. Let z(f) = -k(f) - 2*o(f). Calculate z(-6).
33
Let p(q) be the first derivative of q**3/6 - 3*q**2 + 47*q - 53. Let n(u) be the first derivative of p(u). Calculate n(-4).
-10
Let d(s) = -s**3 - 2*s**2 + 4*s - 1. Let j(c) = -c**2 - 12*c - 29. Let a be j(-4). Suppose a*q = -0*q + 5*o - 14, 4*q + 9 = -3*o. Calculate d(q).
-4
Let u(q) = 83*q - 835. Let y be u(10). Let l(v) = -3*v**2 + 3*v - 2. Determine l(y).
-92
Suppose -2*p = -3*h - 0 - 2, 3*h = 5*p + 4. Let x(f) = f**3 + 4*f**2 + f - 3. Let r be x(-3). Let t(n) = -25*n**3 + 5*n**2 - 1 + 33*n**3 - 7*n**r. What is t(h)?
11
Let l(x) be the first derivative of -x**4/4 + 2*x**3 - 3*x**2/2 - 4*x - 201003. Let j = -3 + 8. Give l(j).
6
Let m(s) = 315*s - 17. Let f(y) = -272*y + 15. Let b(q) = 7*f(q) + 6*m(q). Calculate b(-4).
59
Suppose r = -x + 3, -28*r + 5*x = -30*r - 12. Let j(b) be the second derivative of b**3/3 - 17*b**2/2